{"id":19,"date":"2019-11-11T17:16:55","date_gmt":"2019-11-11T16:16:55","guid":{"rendered":"http:\/\/cm73.jeanollion52.fr\/?page_id=19"},"modified":"2022-11-16T08:22:05","modified_gmt":"2022-11-16T07:22:05","slug":"informations-pratiques","status":"publish","type":"page","link":"https:\/\/cm73.jeanollion52.fr\/index.php\/informations-pratiques\/","title":{"rendered":"Informations pratiques"},"content":{"rendered":"\n<h2>Lieux &#8211; Horaires &#8211; Tarifs<\/h2>\n\n\n\n<ul><li><strong><em>Saint Pierre d&rsquo;Albigny<\/em><\/strong> (73250)<br><a rel=\"noreferrer noopener\" aria-label=\"P\u00f4le  Multi-activit\u00e9s de Saint Pierre d\u2019Albigny (s\u2019ouvre dans un nouvel onglet)\" href=\"https:\/\/goo.gl\/maps\/ujixth4m94GbnB3aA\" target=\"_blank\">P\u00f4le  Multi-activit\u00e9s de Saint Pierre d\u2019Albigny<\/a> <br><strong>Cours collectifs<\/strong><br>!! Temporairement suspendus !!<br><strong>Atelier \u00e0 th\u00e8me<\/strong><br>Se renseigner.<br>\u00a0<\/li><li><strong><em>Challes les Eaux<\/em><\/strong> (73190)<br><a rel=\"noreferrer noopener\" aria-label=\"Mairie - Salle Yoga-Qi (s\u2019ouvre dans un nouvel onglet)\" href=\"https:\/\/goo.gl\/maps\/YVJ6ntk81dtN1dTE6\" target=\"_blank\">Mairie &#8211; Salle Yoga-Qi<\/a><br>Le jeudi de 14h30 \u00e0 15h30<br><br>Cotisation \u00e0 l&rsquo;ann\u00e9e pour un cours collectif de 1h15 : 150 euros<br>R\u00e9glable en plusieurs fois au nom de l&rsquo;Association YOGA QI GONG de Challes les Eaux<br>(Adh\u00e9sion et assurance comprises)<\/li><\/ul>\n\n\n\n<p>D\u00e9placement possible \u00e0 partir de 3 personnes (collectif)<br>sur Saint Pierre \nd\u2019Albigny et C\u0153ur de Savoie<\/p>\n","protected":false},"excerpt":{"rendered":"<p>Lieux &#8211; Horaires &#8211; Tarifs Saint Pierre d&rsquo;Albigny (73250)P\u00f4le Multi-activit\u00e9s de Saint Pierre d\u2019Albigny Cours collectifs!! Temporairement suspendus !!Atelier \u00e0 th\u00e8meSe renseigner.\u00a0 Challes les Eaux (73190)Mairie &#8211; Salle Yoga-QiLe jeudi de 14h30 \u00e0 15h30 Cotisation \u00e0 l&rsquo;ann\u00e9e pour un cours &hellip; <a href=\"https:\/\/cm73.jeanollion52.fr\/index.php\/informations-pratiques\/\">Continuer la lecture <span class=\"meta-nav\">&rarr;<\/span><\/a><\/p>\n","protected":false},"author":1,"featured_media":0,"parent":0,"menu_order":0,"comment_status":"closed","ping_status":"closed","template":"","meta":[],"_links":{"self":[{"href":"https:\/\/cm73.jeanollion52.fr\/index.php\/wp-json\/wp\/v2\/pages\/19"}],"collection":[{"href":"https:\/\/cm73.jeanollion52.fr\/index.php\/wp-json\/wp\/v2\/pages"}],"about":[{"href":"https:\/\/cm73.jeanollion52.fr\/index.php\/wp-json\/wp\/v2\/types\/page"}],"author":[{"embeddable":true,"href":"https:\/\/cm73.jeanollion52.fr\/index.php\/wp-json\/wp\/v2\/users\/1"}],"replies":[{"embeddable":true,"href":"https:\/\/cm73.jeanollion52.fr\/index.php\/wp-json\/wp\/v2\/comments?post=19"}],"version-history":[{"count":12,"href":"https:\/\/cm73.jeanollion52.fr\/index.php\/wp-json\/wp\/v2\/pages\/19\/revisions"}],"predecessor-version":[{"id":270,"href":"https:\/\/cm73.jeanollion52.fr\/index.php\/wp-json\/wp\/v2\/pages\/19\/revisions\/270"}],"wp:attachment":[{"href":"https:\/\/cm73.jeanollion52.fr\/index.php\/wp-json\/wp\/v2\/media?parent=19"}],"curies":[{"name":"wp","href":"https:\/\/api.w.org\/{rel}","templated":true}]}}

<h2>Lieux &#8211; Horaires &#8211; Tarifs</h2>



<ul><li><strong><em>Saint Pierre d&rsquo;Albigny</em></strong> (73250)<br><a rel="noreferrer noopener" aria-label="Pôle  Multi-activités de Saint Pierre d’Albigny (s’ouvre dans un nouvel onglet)" href="https://goo.gl/maps/ujixth4m94GbnB3aA" target="_blank">Pôle  Multi-activités de Saint Pierre d’Albigny</a> <br><strong>Cours collectifs</strong><br>!! Temporairement suspendus !!<br><strong>Atelier à thème</strong><br>Se renseigner.<br> </li><li><strong><em>Challes les Eaux</em></strong> (73190)<br><a rel="noreferrer noopener" aria-label="Mairie - Salle Yoga-Qi (s’ouvre dans un nouvel onglet)" href="https://goo.gl/maps/YVJ6ntk81dtN1dTE6" target="_blank">Mairie &#8211; Salle Yoga-Qi</a><br>Le jeudi de 14h30 à 15h30<br><br>Cotisation à l&rsquo;année pour un cours collectif de 1h15 : 150 euros<br>Réglable en plusieurs fois au nom de l&rsquo;Association YOGA QI GONG de Challes les Eaux<br>(Adhésion et assurance comprises)</li></ul>



<p>Déplacement possible à partir de 3 personnes (collectif)<br>sur Saint Pierre 
d’Albigny et Cœur de Savoie</p>

<p>Lieux &#8211; Horaires &#8211; Tarifs Saint Pierre d&rsquo;Albigny (73250)Pôle Multi-activités de Saint Pierre d’Albigny Cours collectifs!! Temporairement suspendus !!Atelier à thèmeSe renseigner.  Challes les Eaux (73190)Mairie &#8211; Salle Yoga-QiLe jeudi de 14h30 à 15h30 Cotisation à l&rsquo;année pour un cours &hellip; <a href="https://cm73.jeanollion52.fr/index.php/informations-pratiques/">Continuer la lecture <span class="meta-nav">&rarr;</span></a></p>
